
8
What is the tens digit of 21 + -29 - (1 - (3 - -875))?
6
Let a = -10777 - -16160. What is the thousands digit of a?
5
Suppose 26252 = 2*g + 6169 - 14043. What is the tens digit of g?
6
Suppose -208 + 289 = 3*u. What is the tens digit of (5 + -4)/(12/u)*184?
1
Let j(i) = -2*i + 19. Let y be j(8). Suppose -2*b + 522 = -4*o, -2*b + y*o = b - 789. Suppose 80 = -5*q + b. What is the tens digit of q?
3
Let z = -825 + 1816. What is the units digit of z/3 - (4 - 10)/(-18)?
0
Let d(m) = m**3 + 2*m**2 + 83*m + 7958. What is the tens digit of d(0)?
5
Suppose -3*u = -2*m + 63 + 89, 212 = -4*u - 2*m. Let k = 46 + u. What is the tens digit of 2/6 + -2*353/k?
1
Suppose -2*v = t - 72096 + 7659, 0 = 5*v + 4*t - 161088. What is the units digit of v?
0
Let b(z) = 9732*z**2 - 72*z + 16. What is the ten thousands digit of b(-2)?
3
Let q be 12/(-10)*300/(-120). Suppose -719 = -4*a + 381. Suppose 2*v + a = q*g - 2*v, 3*v + 362 = 4*g. What is the tens digit of g?
8
Suppose -13*f - 18*f + 39665 = 10959. What is the units digit of f?
6
Let a(w) = 107*w**2 - 32*w - 13. What is the tens digit of a(-9)?
4
Let j(x) = 69*x**3 + 2*x**2 - x - 1. Let w be j(1). Let d = -46 + w. Suppose -66 = -d*t + 22*t. What is the tens digit of t?
6
Let a(t) = -t**3 - 10*t**2 - 13*t - 3. Suppose 5*f + 5*y = -25, 4*y = 3*y + 4. Let j be a(f). Suppose j = n - 11. What is the units digit of n?
4
Suppose l + 3*l = 0. Let r(y) = y + 85. Let s be r(l). Suppose 2*i + 11 - s = 0. What is the units digit of i?
7
Let v(a) = 1. Let k(l) = -l. Let x(t) = -k(t) - v(t). Let u be x(0). What is the hundreds digit of (-1209)/(-9) + u/(6 + -3)?
1
Let i = 6152 + -5898. What is the tens digit of i?
5
Let s = 125351 + -66895. What is the tens digit of s?
5
Suppose -726 = 4*h + 2*h. Let z be (h/(-4))/(-11) - 1/4. What is the tens digit of 87*3/4 - z/4?
6
Let q = -136 - -138. Let d(f) = 2*f. Let p be d(q). Suppose -p*i = 0, -3*s - 5*i + 2*i = -543. What is the units digit of s?
1
Let r = 5844 - 3664. Suppose -5*h + 4*c + r = -2*h, 734 = h - 5*c. What is the units digit of h?
4
Suppose -3 + 1 = 2*o, -1 = -4*b + o. Let g be (1780/(-25))/((-1)/5). Suppose -3*r = 5*t - 903, -2*t + g = -4*r - b*r. What is the units digit of t?
0
Suppose i - y - 3 = 4*y, -2*i - y - 16 = 0. Let u = i + 89. What is the tens digit of u?
8
Let r(x) = x - 27. Let b be r(24). Let c be (b/2)/(24/(-416)). Let q = c - -36. What is the tens digit of q?
6
Suppose 4*c + 0*c + 8 = 0. Let i(v) = v**2 - v + 2. Let w be i(c). What is the tens digit of 2/6 + (18496/12)/w?
9
Let h be 2 + 183/9 - 1/3. Suppose -2*z = h - 498. Let x = z - 163. What is the units digit of x?
5
Let x = -55027 + 83611. What is the hundreds digit of x?
5
Let g(t) = -t**3 + 17*t**2 - 17*t + 19. Let i be g(16). Let h = i + -1. What is the tens digit of 3/h + (2058/4)/7?
7
Let g(t) = 31*t**3 + 21*t**2 - 16*t + 55. What is the tens digit of g(10)?
9
Suppose r + n - 2 = 0, 2*n = 3*r - 42 + 11. Suppose r*s = 1550 - 290. What is the hundreds digit of s?
1
Let z(a) = 6280*a**3 + 5*a**2 - 6*a - 1. What is the thousands digit of z(1)?
6
Let m = 4013 - -523. What is the hundreds digit of m?
5
Suppose 53 = 2*g + 5*d, 43 = 2*g - 2*d - 3. Suppose 7*h = 3*h + g. Suppose h*v - 11 - 79 = 0. What is the units digit of v?
5
Let j(m) = 7*m**2 + 19*m - 20. Let u(b) = 6*b**2 + 19*b - 22. Let l(f) = -4*j(f) + 5*u(f). What is the tens digit of l(-16)?
7
Let q be 34/10 - (-10)/(-25). Suppose 0 = -5*u + q*u. Suppose v - 6 - 3 = u. What is the units digit of v?
9
Let b(f) be the first derivative of 20*f**2 + 46*f - 6. What is the tens digit of b(13)?
6
Let a be ((-6)/(-4))/(122/(-32) + 4). Let p be (-55)/((-20)/a - -2). Let l = 188 - p. What is the units digit of l?
8
Let o = -12 + 20. Let r(t) be the second derivative of 5*t**3 - 29*t**2/2 - t - 434. What is the units digit of r(o)?
1
Let a = -141 - -531. Let h = 881 - a. What is the tens digit of h?
9
Let d be ((-59)/(-2))/(((-3)/(-6))/1). Suppose 51*l + 400 = d*l. What is the units digit of l?
0
Let l(p) = -p**2 + 21*p + 7. Let z be l(21). Let d(i) = 12*i**2 - 3*i - 40. Let k be d(z). Let j = k - 371. What is the tens digit of j?
5
Suppose 5*s = 9*s - 740. Suppose 4*g - 25 + s = 0. What is the hundreds digit of 109 + (g/(-5) - 5)?
1
Suppose 3542535 + 236153 = 212*d. What is the units digit of d?
4
Let w(n) = -3*n - n + 5*n + 2 + 4*n**2. Let b = 348 + -345. What is the units digit of w(b)?
1
Let n = 113 + -109. Suppose -n*k = 5*g - 1003, 260 = 3*g + 2*k - 341. What is the units digit of g?
9
Let r = 8182 - -2791. What is the hundreds digit of r?
9
Let m(h) = -4*h - 11. Let k(j) = -4*j + 24. Let v be k(7). Let c be m(v). Suppose 2*a = -f + 306, -4*a - c*f + 163 + 443 = 0. What is the tens digit of a?
5
Let s = 262 + -47. Suppose 5*b = -s + 1180. What is the hundreds digit of b?
1
Suppose 27739 = 4*d - 5*r, -2*r = 261*d - 264*d + 20806. What is the hundreds digit of d?
9
Suppose 946 = 13*x - 11*x. Suppose 20*t - 3887 = x. What is the hundreds digit of t?
2
Suppose -10*f + 26*f - 131474 = 2*f. What is the thousands digit of f?
9
Let k be ((6 - 2) + -9)*12/10. Let m be 3128/24 + (-4)/k. What is the tens digit of m/3 - (-24)/(-36)?
4
Let g be 2 + 2/3 + 11/(-3). Let j be (2 - 1)*(g - 54). Let h = -30 - j. What is the units digit of h?
5
Let t(o) = -o**3 - 19*o**2 + 15*o - 54. Let l be t(-20). Suppose 0 = -4*y - 0*y. Suppose -l*z + 45*z + 110 = y. What is the units digit of z?
0
Suppose 8132 + 4731 = 3*b + 4*v, 0 = 4*v + 4. What is the thousands digit of b?
4
Let w(x) = 2*x + 4. Let m be w(-3). Let l be (m/(-6))/(2/2424). Suppose -l = q - 5*q. What is the units digit of q?
1
Let n be 38/(-361) + 156/38. Suppose -2*p - 5*y = -3 + 17, 5*p + 4*y = -1. What is the units digit of (n - p/1) + 0 + 1?
2
Let z(k) = -2*k**2 - 8*k + 5. Let m be z(-5). Let h = 60 + m. What is the units digit of ((-209)/h)/(1/(-5))?
9
Suppose -4*i = -243182 + 41850. What is the ten thousands digit of i?
5
What is the hundreds digit of -6*((-8)/9)/(9/1836)?
0
Let z(u) = -u**3 - 14*u**2 - 40*u - 17. Let y(c) = c**3 + 14*c**2 + 40*c + 17. Let v(q) = 3*y(q) + 2*z(q). What is the units digit of v(-7)?
0
Let b be 2 + (-17 - -1) + (-5 - -7). Let z = b + 18. Suppose 10*d = z*d + 192. What is the tens digit of d?
4
Let a be 5*(-2 - 2 - -3). What is the hundreds digit of 3 + 1 - (a - 465)?
4
What is the hundreds digit of ((-29)/(-24) - (-248)/(-186)) + (-64617)/(-8)?
0
What is the hundreds digit of (-2*(-12)/(-60))/(1/(-42010))?
8
Let p = -685 + 719. Let f(c) = 4*c**2 - c. Let i be f(1). Suppose p = i*r - 44. What is the tens digit of r?
2
Suppose 33*o - 45 = 24*o. Suppose -z = -0*g - o*g - 257, 4*g - 458 = -2*z. What is the hundreds digit of z?
2
Let n = 17125 - 11094. What is the thousands digit of n?
6
Suppose 20*r = 15*r + 5*n + 20350, 2*r + 2*n - 8156 = 0. What is the tens digit of r?
7
Let x = -32 + 53. Suppose -3*g + 18 = x. What is the tens digit of g/(-3 + 744/249)?
8
Let b(i) = 78*i**2 + 1. Let o be b(1). Let k = 294 + o. What is the hundreds digit of k?
3
Suppose 0 = -21*r + 15*r + 30. What is the hundreds digit of 341 - 10/r*-2?
3
Let f = -33002 - -50890. What is the units digit of f?
8
Suppose 0 = -2*h + 5*h + 1026. Let j = h + 483. What is the tens digit of j?
4
Let y = 48362 + -22384. What is the hundreds digit of y?
9
Let p(l) = 328*l + 5221. What is the units digit of p(109)?
3
Suppose -39*x + 31019 + 38861 = -19*x. What is the thousands digit of x?
3
Suppose 41*u + 62*u - 2115464 = -u. What is the units digit of u?
1
Suppose 497 = 3*s + 2*a, -2*s + s + 166 = a. Let w = 27 + s. What is the units digit of w?
2
What is the thousands digit of (9/45)/((-28)/(-561820))?
4
Let t(k) = 5*k**3 - 2*k**2 + 2*k - 1. Let s = 12 + -11. Let b be t(s). Suppose 177 = 3*h - 3*q, -b*h - 11*q = -6*q - 227. What is the units digit of h?
8
Let l = 26119 - 13975. What is the ten thousands digit of l?
1
Suppose 3*m = -6 - 9. Suppose 5*s - 4*q + 1008 = -971, -2*s - 790 = -2*q. What is the hundreds digit of s*-3*m/(-45)?
1
Let m be 20/(-6)*((-192)/30 - -4). What is the tens digit of (-10)/(80/(-2568))*m/12?
1
Let c(b) = -7*b - 4*b**3 + 16*b**3 + 23*b**3 - 2*b**2 + 8*b + 2. Let g(m) = -m**2 + m + 1. Let w(u) = -c(u) + 2*g(u). What is the units digit of w(-1)?
4
Let g = 19 + -131. Let l = 359 - 170. Le